{"id":319,"date":"2022-12-01T19:11:16","date_gmt":"2022-12-01T17:11:16","guid":{"rendered":"https:\/\/workhistory.eu\/?page_id=319"},"modified":"2025-09-18T12:09:15","modified_gmt":"2025-09-18T10:09:15","slug":"work-shop-muhelykonferencia","status":"publish","type":"page","link":"https:\/\/workhistory.eu\/en\/esemenyek\/work-shop-muhelykonferencia\/","title":{"rendered":"Work\u2013shop 1. Munka, t\u00e1rsadalom \u00e9s politika: munkahelyi kult\u00far\u00e1k &#8211; m\u0171helykonferencia"},"content":{"rendered":"<p>MTA-BTK-WORK-Lend\u00fclet \/ Work\u2013shop 1. 2022. szeptember 27-28. (kedd-szerda) &#8211; m\u0171helykonferencia<br>MTA Hum\u00e1n Tudom\u00e1nyok Kutat\u00f3h\u00e1za, 1097 Budapest, T\u00f3th K\u00e1lm\u00e1n utca. 4. 5. em. Tan\u00e1csterem<\/p>\n\n\n<h3>Szeptember 27. kedd 10:00\u201317:00<\/h3>\n<p>10:00-11:30: <strong>WORK 1 \/ t\u00e9mabemutat\u00f3k<\/strong><\/p>\n<ul>\n<li>Dupcsik Csaba: A (t\u00fal)munka \u201eposzt-polg\u00e1rosod\u00e1s\u201d megk\u00f6zel\u00edt\u00e9s\u00e9nek k\u00eds\u00e9rlete<\/li>\n<li>B\u00f3dy Zsombor: Technokrat\u00e1k<\/li>\n<li>Somlai Katalin: A sokoldal\u00fa, j\u00f3l transzfer\u00e1lhat\u00f3 szakma: k\u00f6zgazd\u00e1szok mint beosztottak \u00e9s vezet\u0151k, elm\u00e9let \u00e9s gyakorlat ter\u00fclet\u00e9n, gazdas\u00e1g \u00e9s politika k\u00f6z\u00f6tt, itthon \u00e9s k\u00fclf\u00f6ld\u00f6n<\/li>\n<li>L\u00e1szl\u00f3fi Viola: Etikai v\u00e9ts\u00e9g, az orvosi ell\u00e1t\u00e1s fenntart\u00f3ja vagy a fogyaszt\u00e1s egyik form\u00e1ja? A h\u00e1lap\u00e9nz szerepe az orvosi munk\u00e1ban \u00e9s a t\u00e1rsadalom medikaliz\u00e1ci\u00f3j\u00e1ban a K\u00e1d\u00e1r-korszakban<\/li>\n<li>Bartha \u00c1kos: Rabl\u00f3b\u00f3l pand\u00far? Szociogr\u00e1fia Magyarorsz\u00e1gon 1945 el\u0151tt \u00e9s ut\u00e1n<\/li>\n<li>Nagy Eszter: Ipar \u00e9s m\u0171v\u00e9szet: az ipari formatervez\u00e9s helye \u00e9s szerepe a szocialista Magyarorsz\u00e1gon<\/li>\n<li>Tak\u00e1cs R\u00f3bert: \u00dajs\u00e1g\u00edr\u00f3k a K\u00e1d\u00e1r-korban<\/li>\n<li>Szabari Vera: Szociol\u00f3gus szerepek \u00e9s (alku)poz\u00edci\u00f3k a szocialista rendszerben. Kritika vagy legitim\u00e1ci\u00f3?<\/li>\n<li>Magyari Hajnalka: Kozmetikusok a szocializmusban<\/li>\n<li>Grexa Izabella: \u201e\u2026ha \u00e9n annyit keresn\u00e9k, mint \u00f6n G\u00e1sp\u00e1r elvt\u00e1rs akkor nem ragaszkodn\u00e9k a m\u00e1sodik m\u0171szak kereset\u00e9hez\u2026\u201d N\u0151 \u2013 munka \u2013 \u00e9rdek\u00e9rv\u00e9nyes\u00edt\u00e9s<\/li>\n<li>Sv\u00e9gel Fanni: A reprodukci\u00f3s munka modelljei \u00e9s elm\u00e9leti megk\u00f6zel\u00edt\u00e9sei a szocialista id\u0151szakban<\/li>\n<\/ul>\n<p>11:45\u201313:00 MUNKAHELY a f\u00f3kuszban. WORK Kutat\u00e1si c\u00e9lkit\u0171z\u00e9sek \u2013 world caf\u00e9<\/p>\n<p>14:00\u201315:30 <strong>WORK 2 \/ t\u00e9mabemutat\u00f3k<\/strong><\/p>\n<ul>\n<li>Alab\u00e1n P\u00e9ter: Lok\u00e1lis munkat\u00e1rsadalom \u00d3zdon az audiovizu\u00e1lis forr\u00e1sokban. K\u00e9pek, szociofot\u00f3k \u00e9s filmek a K\u00e1d\u00e1r-korszakban<\/li>\n<li>Nagy P\u00e9ter: \u00c1talakul\u00e1s \u00e9s\/vagy folytonoss\u00e1g? \u2013 A munk\u00e1ss\u00e1g t\u00e1rsadalmi jellemz\u0151i az 1940-es \u00e9vekben<\/li>\n<li>Kis\u0151rsi Zs\u00f3fia: Ing\u00e1z\u00f3k<\/li>\n<li>Bed\u0151k P\u00e9ter: M\u00e1sodik gazdas\u00e1g a Mura menti horv\u00e1t falvakban az \u00e1llamszocializmus id\u0151szak\u00e1ban, k\u00fcl\u00f6n\u00f6s tekintettel Kotoriba \u00e9s Murakereszt\u00far t\u00e9rs\u00e9g\u00e9re<\/li>\n<li>F\u0151cze J\u00e1nos: Hazat\u00e9rtek? Ing\u00e1z\u00e1s Felcs\u00edkon a Rom\u00e1n N\u00e9pk\u00f6zt\u00e1rsas\u00e1gban<\/li>\n<li>Kimmel M\u00e1t\u00e9: Tanya, h\u00e1zt\u00e1ji, szaksz\u00f6vetkezet. A d\u00e9l-alf\u00f6ldi tanyasi munkakult\u00fara \u00e9s v\u00e1ltoz\u00f3 sz\u00ednterei a 20. sz\u00e1zad m\u00e1sodik fel\u00e9ben<\/li>\n<li>Lengyel Eszter: \u201eSzokj\u00e1k meg a tagok, hogy els\u0151 a mi\u00e9nk, ut\u00e1na az eny\u00e9m.\u201d \u2013 Termel\u0151sz\u00f6vetkezet \u00e9s h\u00e1zt\u00e1ji gazdas\u00e1g k\u00e9t dun\u00e1nt\u00fali falu p\u00e9ld\u00e1j\u00e1n<\/li>\n<li>Slachta Krisztina: \u201eA p\u00e9csi tenger, Orf\u0171&#8221; Az orf\u0171i tavak t\u00f6rt\u00e9nete, Orf\u0171 \u00e9s a csatolt falvak komplex t\u00e1rsadalomt\u00f6rt\u00e9nete. \u00c9rdekek, ellen\u00e9rdekek, d\u00f6nt\u00e9sek a tavak meg\u00e9p\u00edt\u00e9se \u00e9s egy munk\u00e1s(?)-\u00fcd\u00fcl\u0151falu l\u00e9trehoz\u00e1sa sor\u00e1n<\/li>\n<li>Lehotay Veronika: Kinek az oldal\u00e1n?: Az \u00e1llam \u00e9s az \u00fcgyv\u00e9ds\u00e9g viszony\u00e1nak problematik\u00e1ja a K\u00e1d\u00e1r-korszakban<\/li>\n<\/ul>\n<p>15:45-17:00 Munkaform\u00e1k, munkahelyek, forr\u00e1sok, kateg\u00f3ri\u00e1k \u2013 world caf\u00e9<\/p>\n<h3>Szeptember 28. szerda 10:00\u201314:00<\/h3>\n<p>10:00-10:15: <strong>WORK 3 \/ t\u00e9mabemutat\u00f3<\/strong><\/p>\n<ul>\n<li>Ag\u00e1rdi Izabella: \u201eMindig azt csin\u00e1ltuk, ami\u00e9\u2019 j\u00f3 p\u00e9zt kaptunk. \u00cdgy telt el az id\u0151 rajtunk.&#8221; N\u0151k \u00e9s a m\u00e1sodik gazdas\u00e1g a D\u00e9l-Alf\u00f6ld\u00f6n<\/li>\n<\/ul>\n<p>10:30-14:00: Egy\u00e9ni \u00e9s csoportos t\u00e9mamegbesz\u00e9l\u00e9sek: n\u0151i munka, orvosok, interj\u00faz\u00e1s, hat\u00e1ron t\u00fali magyarok<\/p>","protected":false},"excerpt":{"rendered":"<p>MTA-BTK-WORK-Lend\u00fclet \/ Work\u2013shop 1. 2022. [&hellip;]<\/p>","protected":false},"author":4,"featured_media":0,"parent":115,"menu_order":0,"comment_status":"closed","ping_status":"closed","template":"","meta":{"footnotes":""},"class_list":["post-319","page","type-page","status-publish","hentry"],"_links":{"self":[{"href":"https:\/\/workhistory.eu\/en\/wp-json\/wp\/v2\/pages\/319","targetHints":{"allow":["GET"]}}],"collection":[{"href":"https:\/\/workhistory.eu\/en\/wp-json\/wp\/v2\/pages"}],"about":[{"href":"https:\/\/workhistory.eu\/en\/wp-json\/wp\/v2\/types\/page"}],"author":[{"embeddable":true,"href":"https:\/\/workhistory.eu\/en\/wp-json\/wp\/v2\/users\/4"}],"replies":[{"embeddable":true,"href":"https:\/\/workhistory.eu\/en\/wp-json\/wp\/v2\/comments?post=319"}],"version-history":[{"count":6,"href":"https:\/\/workhistory.eu\/en\/wp-json\/wp\/v2\/pages\/319\/revisions"}],"predecessor-version":[{"id":571,"href":"https:\/\/workhistory.eu\/en\/wp-json\/wp\/v2\/pages\/319\/revisions\/571"}],"up":[{"embeddable":true,"href":"https:\/\/workhistory.eu\/en\/wp-json\/wp\/v2\/pages\/115"}],"wp:attachment":[{"href":"https:\/\/workhistory.eu\/en\/wp-json\/wp\/v2\/media?parent=319"}],"curies":[{"name":"wp","href":"https:\/\/api.w.org\/{rel}","templated":true}]}}

Work–shop 1. Munka, társadalom és politika: munkahelyi kultúrák &#8211; műhelykonferencia

<p>MTA-BTK-WORK-Lendület / Work–shop 1. 2022. szeptember 27-28. (kedd-szerda) &#8211; műhelykonferencia<br>MTA Humán Tudományok Kutatóháza, 1097 Budapest, Tóth Kálmán utca. 4. 5. em. Tanácsterem</p>


<h3>Szeptember 27. kedd 10:00–17:00</h3>
<p>10:00-11:30: <strong>WORK 1 / témabemutatók</strong></p>
<ul>
<li>Dupcsik Csaba: A (túl)munka „poszt-polgárosodás” megközelítésének kísérlete</li>
<li>Bódy Zsombor: Technokraták</li>
<li>Somlai Katalin: A sokoldalú, jól transzferálható szakma: közgazdászok mint beosztottak és vezetők, elmélet és gyakorlat területén, gazdaság és politika között, itthon és külföldön</li>
<li>Lászlófi Viola: Etikai vétség, az orvosi ellátás fenntartója vagy a fogyasztás egyik formája? A hálapénz szerepe az orvosi munkában és a társadalom medikalizációjában a Kádár-korszakban</li>
<li>Bartha Ákos: Rablóból pandúr? Szociográfia Magyarországon 1945 előtt és után</li>
<li>Nagy Eszter: Ipar és művészet: az ipari formatervezés helye és szerepe a szocialista Magyarországon</li>
<li>Takács Róbert: Újságírók a Kádár-korban</li>
<li>Szabari Vera: Szociológus szerepek és (alku)pozíciók a szocialista rendszerben. Kritika vagy legitimáció?</li>
<li>Magyari Hajnalka: Kozmetikusok a szocializmusban</li>
<li>Grexa Izabella: „…ha én annyit keresnék, mint ön Gáspár elvtárs akkor nem ragaszkodnék a második műszak keresetéhez…” Nő – munka – érdekérvényesítés</li>
<li>Svégel Fanni: A reprodukciós munka modelljei és elméleti megközelítései a szocialista időszakban</li>
</ul>
<p>11:45–13:00 MUNKAHELY a fókuszban. WORK Kutatási célkitűzések – world café</p>
<p>14:00–15:30 <strong>WORK 2 / témabemutatók</strong></p>
<ul>
<li>Alabán Péter: Lokális munkatársadalom Ózdon az audiovizuális forrásokban. Képek, szociofotók és filmek a Kádár-korszakban</li>
<li>Nagy Péter: Átalakulás és/vagy folytonosság? – A munkásság társadalmi jellemzői az 1940-es években</li>
<li>Kisőrsi Zsófia: Ingázók</li>
<li>Bedők Péter: Második gazdaság a Mura menti horvát falvakban az államszocializmus időszakában, különös tekintettel Kotoriba és Murakeresztúr térségére</li>
<li>Főcze János: Hazatértek? Ingázás Felcsíkon a Román Népköztársaságban</li>
<li>Kimmel Máté: Tanya, háztáji, szakszövetkezet. A dél-alföldi tanyasi munkakultúra és változó színterei a 20. század második felében</li>
<li>Lengyel Eszter: „Szokják meg a tagok, hogy első a miénk, utána az enyém.” – Termelőszövetkezet és háztáji gazdaság két dunántúli falu példáján</li>
<li>Slachta Krisztina: „A pécsi tenger, Orfű&#8221; Az orfűi tavak története, Orfű és a csatolt falvak komplex társadalomtörténete. Érdekek, ellenérdekek, döntések a tavak megépítése és egy munkás(?)-üdülőfalu létrehozása során</li>
<li>Lehotay Veronika: Kinek az oldalán?: Az állam és az ügyvédség viszonyának problematikája a Kádár-korszakban</li>
</ul>
<p>15:45-17:00 Munkaformák, munkahelyek, források, kategóriák – world café</p>
<h3>Szeptember 28. szerda 10:00–14:00</h3>
<p>10:00-10:15: <strong>WORK 3 / témabemutató</strong></p>
<ul>
<li>Agárdi Izabella: „Mindig azt csináltuk, amié’ jó pézt kaptunk. Így telt el az idő rajtunk.&#8221; Nők és a második gazdaság a Dél-Alföldön</li>
</ul>
<p>10:30-14:00: Egyéni és csoportos témamegbeszélések: női munka, orvosok, interjúzás, határon túli magyarok</p>

<p>MTA-BTK-WORK-Lendület / Work–shop 1. 2022. [&hellip;]</p>
