{"id":432,"date":"2024-01-19T17:46:37","date_gmt":"2024-01-19T15:46:37","guid":{"rendered":"https:\/\/workhistory.eu\/?page_id=432"},"modified":"2024-10-18T14:57:10","modified_gmt":"2024-10-18T12:57:10","slug":"munka-es-folytonossag-work-shop-3","status":"publish","type":"page","link":"https:\/\/workhistory.eu\/en\/esemenyek\/munka-es-folytonossag-work-shop-3\/","title":{"rendered":"Munka \u00e9s folytonoss\u00e1g &#8211; Work-shop 3."},"content":{"rendered":"<h3>2023. okt\u00f3ber 10. kedd<\/h3>\n<p>9:30-11:00 A munka \u00e9rtelmez\u00e9sei<\/p>\n<ul>\n<li>Bak\u00f3 Bogl\u00e1rka: \u201eA dolgos k\u00e9z pedig igen elkel Hunni\u00e1ban, ha mindj\u00e1rt fekete is az\u201d \u2013 a<br \/>\nszegkov\u00e1cs munka \u00e9rtelmez\u00e9si rendszer\u00e9nek k\u00f6rvonalaz\u00f3d\u00e1sa az 1930-as \u00e9vekben<\/li>\n<li>Bed\u0151k P\u00e9ter: Munkav\u00e1llal\u00e1si form\u00e1k \u00e9s tendenci\u00e1k a Mura ment\u00e9n 1945 \u00e9s 1956 k\u00f6z\u00f6tt<\/li>\n<li>Bartha \u00c1kos: Korm\u00e1nyp\u00e1rti szociogr\u00e1fi\u00e1k? A Magyarorsz\u00e1g felfedez\u00e9se sorozat \u00fajraind\u00edt\u00e1sa a K\u00e1d\u00e1r-<br \/>\nkorszakban<\/li>\n<\/ul>\n<p>11:30-13:00 Munkahelyi ellent\u00e9tek<\/p>\n<ul>\n<li>Alab\u00e1n P\u00e9ter: Filmszociogr\u00e1fi\u00e1k \u00e9s hatalmi presszi\u00f3 Domah\u00e1z\u00e1n az 1970-es \u00e9vekben<\/li>\n<li>Nagy P\u00e9ter: T\u00f3th J\u00e1nos &#8211; a 6. sz\u00e1m\u00fa \u00e9lmunk\u00e1sb\u00f3l az \u00f3zdi Nemzet\u0151rs\u00e9g vezet\u0151je<\/li>\n<li>Lengyel Eszter: Uradalmi csel\u00e9dek, maga-ura parasztok \u00e9s a mez\u0151gazdas\u00e1g kollektiviz\u00e1l\u00e1sa a<br \/>\nkapuv\u00e1ri j\u00e1r\u00e1sban<\/li>\n<\/ul>\n<p>13:00-13:45 eb\u00e9d<\/p>\n<p>13:45-15:15 Folytonoss\u00e1g \u00e9s v\u00e1ltoz\u00e1s<\/p>\n<ul>\n<li>Guly\u00e1s Martin: \u201eA r\u00e9gi Aschner-g\u00e1rda emberei\u201d &#8211; A munkahelyi elitcsoportok kontinuit\u00e1sa az<br \/>\nEgyes\u00fclt Izz\u00f3 t\u00e1rsadalm\u00e1ban<\/li>\n<li>Bulcsu L\u00e1szl\u00f3: A Kom\u00e1di KTSz m\u00e9lyinterj\u00fakon kereszt\u00fcl<\/li>\n<li>Magyari Hajnalka: Strat\u00e9gi\u00e1k \u00e9s ellenstrat\u00e9gi\u00e1k a zsid\u00f3t\u00f6rv\u00e9nyek idej\u00e9n (kozmetikusok)<\/li>\n<\/ul>\n<p>15:30-17:00 A professzionaliz\u00e1ci\u00f3 \u00fatjai<\/p>\n<ul>\n<li>Somlai Katalin: Utak egy szakm\u00e1hoz \u00e9s a k\u00f6zgazdas\u00e1gtudom\u00e1ny \u00fajraprofesszionaliz\u00e1l\u00f3d\u00e1sa<\/li>\n<li>Tak\u00e1cs R\u00f3bert: Egyetem? Tanfolyam? Tehets\u00e9g? &#8211; Az \u00fajs\u00e1g\u00edr\u00f3k\u00e9pz\u00e9s vit\u00e1i \u00e9s v\u00e1ltoz\u00e1sai<\/li>\n<\/ul>\n<h3>2023. okt\u00f3ber 11. szerda<\/h3>\n<p>09:30-11:00 Rendszerv\u00e1ltoz\u00e1sok a munkahelyeken<\/p>\n<ul>\n<li>B\u00f3dy Zsombor: Munka \u00e9s munkahelyek a m\u00e1sodik vil\u00e1gh\u00e1bor\u00faban \u00e9s ut\u00e1na<\/li>\n<li>Kimmel M\u00e1t\u00e9: A vid\u00e9kpolitika \u00e9s a tanyasi gazdas\u00e1gok az \u00e1llamszocializmusban<\/li>\n<li>Kelemen Katalin: A szocialista m\u00e1sodik gazdas\u00e1gban szerzett tapasztalat szerepe egy 1989 ut\u00e1ni<br \/>\nv\u00e1llalkoz\u00f3i karrierben<\/li>\n<\/ul>\n<p>11:30-12:30 A boldogul\u00e1s narrat\u00edv\u00e1i<\/p>\n<ul>\n<li>Grexa Izabella &#8211; \u201eCsupa paradicsom az \u00e9let, csak ehetetlen\u201d N\u0151i narrat\u00edva a K\u00e1d\u00e1r-korszakb\u00f3l<\/li>\n<li>F\u0151cze J\u00e1nos: Pity\u00f3kabiznisz Bukarestben. Az acord global teremtette lehet\u0151s\u00e9gek a rom\u00e1niai<br \/>\nkollekt\u00edvben Sz\u00e9pv\u00edzen<\/li>\n<\/ul>","protected":false},"excerpt":{"rendered":"<p>2023. okt\u00f3ber 10. kedd 9:30-11:00 [&hellip;]<\/p>","protected":false},"author":4,"featured_media":0,"parent":115,"menu_order":0,"comment_status":"closed","ping_status":"closed","template":"","meta":{"footnotes":""},"class_list":["post-432","page","type-page","status-publish","hentry"],"_links":{"self":[{"href":"https:\/\/workhistory.eu\/en\/wp-json\/wp\/v2\/pages\/432","targetHints":{"allow":["GET"]}}],"collection":[{"href":"https:\/\/workhistory.eu\/en\/wp-json\/wp\/v2\/pages"}],"about":[{"href":"https:\/\/workhistory.eu\/en\/wp-json\/wp\/v2\/types\/page"}],"author":[{"embeddable":true,"href":"https:\/\/workhistory.eu\/en\/wp-json\/wp\/v2\/users\/4"}],"replies":[{"embeddable":true,"href":"https:\/\/workhistory.eu\/en\/wp-json\/wp\/v2\/comments?post=432"}],"version-history":[{"count":3,"href":"https:\/\/workhistory.eu\/en\/wp-json\/wp\/v2\/pages\/432\/revisions"}],"predecessor-version":[{"id":435,"href":"https:\/\/workhistory.eu\/en\/wp-json\/wp\/v2\/pages\/432\/revisions\/435"}],"up":[{"embeddable":true,"href":"https:\/\/workhistory.eu\/en\/wp-json\/wp\/v2\/pages\/115"}],"wp:attachment":[{"href":"https:\/\/workhistory.eu\/en\/wp-json\/wp\/v2\/media?parent=432"}],"curies":[{"name":"wp","href":"https:\/\/api.w.org\/{rel}","templated":true}]}}

Munka és folytonosság &#8211; Work-shop 3.

<h3>2023. október 10. kedd</h3>
<p>9:30-11:00 A munka értelmezései</p>
<ul>
<li>Bakó Boglárka: „A dolgos kéz pedig igen elkel Hunniában, ha mindjárt fekete is az” – a<br />
szegkovács munka értelmezési rendszerének körvonalazódása az 1930-as években</li>
<li>Bedők Péter: Munkavállalási formák és tendenciák a Mura mentén 1945 és 1956 között</li>
<li>Bartha Ákos: Kormánypárti szociográfiák? A Magyarország felfedezése sorozat újraindítása a Kádár-<br />
korszakban</li>
</ul>
<p>11:30-13:00 Munkahelyi ellentétek</p>
<ul>
<li>Alabán Péter: Filmszociográfiák és hatalmi presszió Domaházán az 1970-es években</li>
<li>Nagy Péter: Tóth János &#8211; a 6. számú élmunkásból az ózdi Nemzetőrség vezetője</li>
<li>Lengyel Eszter: Uradalmi cselédek, maga-ura parasztok és a mezőgazdaság kollektivizálása a<br />
kapuvári járásban</li>
</ul>
<p>13:00-13:45 ebéd</p>
<p>13:45-15:15 Folytonosság és változás</p>
<ul>
<li>Gulyás Martin: „A régi Aschner-gárda emberei” &#8211; A munkahelyi elitcsoportok kontinuitása az<br />
Egyesült Izzó társadalmában</li>
<li>Bulcsu László: A Komádi KTSz mélyinterjúkon keresztül</li>
<li>Magyari Hajnalka: Stratégiák és ellenstratégiák a zsidótörvények idején (kozmetikusok)</li>
</ul>
<p>15:30-17:00 A professzionalizáció útjai</p>
<ul>
<li>Somlai Katalin: Utak egy szakmához és a közgazdaságtudomány újraprofesszionalizálódása</li>
<li>Takács Róbert: Egyetem? Tanfolyam? Tehetség? &#8211; Az újságíróképzés vitái és változásai</li>
</ul>
<h3>2023. október 11. szerda</h3>
<p>09:30-11:00 Rendszerváltozások a munkahelyeken</p>
<ul>
<li>Bódy Zsombor: Munka és munkahelyek a második világháborúban és utána</li>
<li>Kimmel Máté: A vidékpolitika és a tanyasi gazdaságok az államszocializmusban</li>
<li>Kelemen Katalin: A szocialista második gazdaságban szerzett tapasztalat szerepe egy 1989 utáni<br />
vállalkozói karrierben</li>
</ul>
<p>11:30-12:30 A boldogulás narratívái</p>
<ul>
<li>Grexa Izabella &#8211; „Csupa paradicsom az élet, csak ehetetlen” Női narratíva a Kádár-korszakból</li>
<li>Főcze János: Pityókabiznisz Bukarestben. Az acord global teremtette lehetőségek a romániai<br />
kollektívben Szépvízen</li>
</ul>

<p>2023. október 10. kedd 9:30-11:00 [&hellip;]</p>
